. Give r(380).
-7
Let p(f) = -f**3 - 6*f**2 + 18*f + 145. Give p(-7).
68
Let m(u) = -302*u**2 - 1810*u + 16. Determine m(-6).
4
Let z(q) = -1200*q - 93. Determine z(0).
-93
Let p(r) = -1100*r + 79216. Calculate p(72).
16
Let t(x) = -x**3 - 37*x**2 - 283*x + 74. What is t(-21)?
-1039
Let o(c) = c**2 - 4066*c - 365577. Determine o(-88).
-25
Let g(u) = 44*u**3 - 833*u**2 - 58*u + 37. Give g(19).
18
Let z(t) = -5389*t + 60219. Give z(11).
940
Let i(w) = -w**3 + 23*w**2 + 130*w + 1566. Give i(26).
2918
Let n(g) = -138468*g - 2769357. Calculate n(-20).
3
Let h(k) = 2*k**3 + 19*k**2 - 2311*k - 27016. Give h(-12).
-4
Let o(p) = 93*p**2 + 1146*p - 822. What is o(-13)?
-3
Let k(l) = 2*l**3 - 188*l**2 + l - 92. What is k(94)?
2
Let d(b) = -354*b + 63776. Give d(180).
56
Let c(b) = 267*b**3 - 32*b**2 - 10*b + 104. Determine c(-2).
-2140
Let a(o) = -3*o**2 - 1829*o - 49910. What is a(-581)?
56
Let v(p) = 65*p**2 - 31528*p + 1447. Give v(485).
-8
Let h(m) = -m**3 + 8*m**2 - 2801*m + 25290. Calculate h(9).
0
Let v(x) = x**3 - 551*x**2 + 14154*x - 95. Give v(27).
67
Let x(n) = 5943960*n - 53495646. Calculate x(9).
-6
Let g(d) = -372148*d - 1488648. Determine g(-4).
-56
Let d(c) = c**3 + 185*c**2 - 2325*c - 7. Give d(12).
461
Let y(c) = 8*c**2 - 82*c + 206. Determine y(9).
116
Let v(m) = 11220*m - 11803447. What is v(1052)?
-7
Let u(b) = 38*b**2 + 19234*b - 16224. Determine u(-507).
0
Let b(x) = 1439871*x + 10079105. Give b(-7).
8
Let l(k) = -960*k - 176742. Give l(-184).
-102
Let p(y) = 3885*y - 266. Give p(0).
-266
Let j(h) = 7764*h - 7905. Give j(1).
-141
Let q(c) = c**2 + 554*c + 61109. Give q(-152).
5
Let d(c) = 1642*c**3 + 9*c**2 - 7*c - 2. What is d(1)?
1642
Let g(w) = -18*w**2 + 606*w + 91. What is g(34)?
-113
Let m(i) = -4222*i - 105578. Give m(-25).
-28
Let j(a) = -1982*a + 73046. Give j(37).
-288
Let k(m) = m**3 + 185*m**2 - 1570*m + 34151. Calculate k(-194).
7
Let o(g) = -400*g + 9581. What is o(30)?
-2419
Let q(d) = d**3 + 49*d**2 - 199*d - 737. Give q(-53).
-1426
Let u(k) = 3256*k - 130241. Determine u(40).
-1
Let o(a) = -a**3 - 199*a**2 - 9596*a - 200. Determine o(-117).
34
Let h(r) = 44583*r - 15737796. Calculate h(353).
3
Let c(s) = 3*s**3 + 56*s**2 + 420*s + 5663. What is c(-17)?
-32
Let o(y) = 8*y**2 + 24*y - 3341. What is o(-22)?
3
Let c(v) = v**3 - 27*v**2 - 30*v + 1945. Calculate c(25).
-55
Let i(j) = -j**3 + 174*j**2 - 846*j + 166. Calculate i(169).
-3
Let s(g) = 3*g**2 + 75*g + 396. Calculate s(-17).
-12
Let u(i) = -586*i**3 + 2944*i**2 + 9*i - 22. Give u(5).
373
Let v(m) = -2*m**3 - 27*m**2 + 1757*m + 24427. What is v(-14)?
25
Let q(g) = g**3 - 749*g**2 - 46812*g + 4844. Give q(807).
2
Let l(t) = t**2 - 112978*t + 1129651. Calculate l(10).
-29
Let r(n) = 1943*n - 985091. What is r(507)?
10
Let k(h) = -h**3 + 91*h**2 + 8233*h - 233. What is k(-56)?
-289
Let j(l) = 570*l - 1155. Give j(2).
-15
Let a(z) = 912*z**2 - 10030*z + 2. Give a(11).
24
Let z(s) = -s**2 + 1856*s - 860913. Give z(910).
-53
Let b(x) = 3*x**2 + 489*x - 104322. Give b(-285).
-12
Let r(j) = 5446*j + 7015. Give r(-1).
1569
Let w(d) = d**3 + 5877*d - 25. Give w(0).
-25
Let g(o) = -9*o**3 - 245*o**2 + 754*o + 125. Calculate g(-30).
5
Let d(h) = -2*h**2 + 3474*h + 286. What is d(0)?
286
Let o(a) = 1326*a + 37130. Give o(-28).
2
Let w(f) = -936*f**3 - 1542529*f**2 - 1646*f + 3296. Calculate w(-1648).
0
Let f(n) = -65*n**2 + 31257*n + 4245. Calculate f(481).
397
Let z(v) = 13*v**3 - 14*v + 25. Give z(5).
1580
Let i(h) = -149*h + 492. What is i(-1)?
641
Let q(n) = n**3 + 22*n**2 + 12*n + 10. What is q(0)?
10
Let k(p) = -p**3 + 13*p**2 - 24*p - 12. Calculate k(11).
-34
Let h(l) = 9110*l - 56065. Determine h(6).
-1405
Let f(w) = -7*w**3 + 67*w**2 + 114*w - 872. Determine f(10).
-32
Let n(k) = 1091*k**2 - 2183*k + 95. What is n(2)?
93
Let m(x) = -4*x**2 + 141*x - 852. What is m(24)?
228
Let q(f) = -89*f + 14421. Determine q(168).
-531
Let f(q) = -q**3 - 128*q**2 - 2597*q + 61192. Determine f(-93).
-2
Let q(a) = 2*a**2 - 970*a - 21234. Determine q(506).
18
Let b(g) = -4648*g - 79679. Determine b(-17).
-663
Let q(h) = -300*h**2 + 6603*h + 23. Give q(22).
89
Let g(j) = -14*j**2 + 287*j - 5403. Calculate g(16).
-4395
Let h(d) = -30250*d + 4204750. Determine h(139).
0
Let z(l) = -l**2 - 195*l + 9942. Give z(41).
266
Let z(n) = 1612*n + 73952. Give z(-46).
-200
Let i(p) = 21956*p + 13129707. Give i(-598).
19
Let y(u) = 2*u**3 - 571*u + 2301. Give y(4).
145
Let s(o) = -85821*o + 3089560. Determine s(36).
4
Let y(w) = -71*w**2 + 44*w + 9. What is y(1)?
-18
Let v(p) = -46*p**2 + 40*p - 346. Give v(-12).
-7450
Let o(u) = -31901*u**2 - 1403638*u + 298. Calculate o(-44).
34
Let y(j) = -j**3 - 17*j**2 + 190*j + 58. Give y(9).
-338
Let k(u) = -u**3 - 22*u**2 - 18*u + 901. What is k(-19)?
160
Let m(z) = -84773*z + 254369. What is m(3)?
50
Let r(g) = g**3 + 28*g**2 - 3313*g + 3. Determine r(0).
3
Let x(p) = -2*p**3 + 239*p**2 + 3592*p - 210. Determine x(133).
-77
Let j(q) = -14664*q + 102326. Determine j(7).
-322
Let o(q) = q**3 - 338*q**2 + 6014*q + 14752. Give o(319).
-241
Let o(i) = -1672*i - 802905. Determine o(-480).
-345
Let x(y) = -2*y**3 + 46*y**2 - 53*y - 667. Calculate x(21).
-16
Let k(f) = f**2 - 8*f - 3498. Give k(-56).
86
Let z(i) = 2*i**3 + 31*i**2 + 24*i - 834. Give z(-9).
3
Let f(y) = 1450*y - 9880. Calculate f(7).
270
Let o(c) = 4*c**3 + 957*c**2 + 19107*c - 189. Calculate o(-22).
53
Let f(c) = -c**2 + 10621*c - 212026. Give f(20).
-6
Let j(w) = -w**3 + 5*w**2 - 513*w + 1507. What is j(3)?
-14
Let x(k) = -79*k - 1488. Determine x(-19).
13
Let s(i) = 9*i**2 - 643*i - 50190. Determine s(-47).
-88
Let x(h) = -12*h + 1837. Calculate x(121).
385
Let q(x) = 20*x**2 - 5497*x - 802. Give q(275).
23
Let k(h) = h**3 - 93*h**2 + 905*h + 72. Calculate k(82).
318
Let t(c) = -c**3 + 18*c**2 + 151*c - 229. Determine t(25).
-829
Let w(m) = 2*m**2 - 218*m + 2041. Determine w(9).
241
Let y(j) = j**2 - 611*j - 32558. Determine y(-49).
-218
Let d(p) = -23778*p + 404230. Give d(17).
4
Let x(g) = -g**3 + 457*g**2 - 2354*g - 158764. What is x(451)?
-12
Let y(b) = 65*b**3 - 17*b**2 - 56*b + 58. Calculate y(1).
50
Let u(b) = -3*b**3 + 17*b**2 + 171*b + 412. What is u(-6)?
646
Let x(v) = 915*v + 583. Calculate x(-1).
-332
Let s(m) = 2*m**3 - 90*m**2 - 1491*m + 233. Give s(-13).
12
Let i(s) = -9*s**2 - 321*s - 9. Calculate i(-36).
-117
Let u(l) = -7*l**3 - 7*l**2 + 6672*l - 20003. What is u(3)?
-239
Let x(w) = 4*w**3 + 216*w**2 + 33*w + 1438. What is x(-54)?
-344
Let l(x) = 2*x**3 + 590*x**2 + 144*x + 42491. What is l(-295)?
11
Let u(q) = -5*q**2 - 267*q + 779. Give u(-71).
-5469
Let b(n) = -3294*n + 32927. Calculate b(10).
-13
Let m(l) = -39*l**2 + 4235*l + 4240. What is m(-1)?
-34
Let p(x) = -x**3 + 86*x**2 - 30*x + 1273. Determine p(86).
-1307
Let k(s) = -5*s**3 + 195*s**2 - 912*s - 145. Give k(33).
2429
Let l(p) = -5*p**3 - 48*p**2 + 676*p + 6389. Determine l(-9).
62
Let u(b) = -b**3 - 16*b**2 - 721*b - 11680. Calculate u(-16).
-144
Let k(q) = 550*q - 14718. What is k(29)?
1232
Let m(p) = 5*p**2 - 1157*p + 28317. Determine m(28).
-159
Let d(r) = -10306*r - 103063. What is d(-10)?
-3
Let g(y) = y**3 + 158*y**2 + 5162*y + 756591. Calculate g(-156).
-9
Let s(n) = 4192*n + 603630. Give s(-144).
-18
Let l(d) = 53638*d - 107708. Determine l(2).
-432
Let g(f) = f**3 + 75*f**2 - 431*f + 4483. Give g(-81).
28
Let m(z) = -8171*z + 97064. Give m(12).
-988
Let w(o) = 425*o + 16539. What is w(-37)?
814
Let c(k) = 1683*k - 555366. Determine c(330).
24
Let v(q) = q**2 + 16171*q + 2212527. What is v(-138)?
-27
Let i(b) = 1967*b - 74778. Determine i(38).
-32
Let k(d) = 43*d + 2212. Give k(-51).
19
Let w(r) = 2221*r + 86595. Calculate w(-39).
-24
Let q(o) = 3*o**3 + 155*o**2 + 124*o + 1111. What is q(-51)?
-11
Let p(m) = m**3 - 7*m**2 + 159*m - 3084. Give p(15).
1101
Let y(h) = -4*h**2 + 741*h - 12283. Determine y(167).
-92
Let t(l) = 271*l**2 - 4357*l + 353. Give t(16).
17
Let w(r) = -r**3 - 44*r**2 + 42*r + 3607. Determine w(-43).
-48
Let p(l) = -33*l - 4523. Calculate p(-143).
196
Let o(k) = 4*k**3 + 1933*k**2 + 26735*k + 682. Calculate o(-469).
-256
Let g(l) = -9*l**2 + 340*l + 3279. What is g(-8)?
-17
Let u(o) = 299*o**2 - 250*o + 495. What is u(2)?
1191
Let o(t) = -2*t**2 + 71*t + 328. Calculate o(54).
-1670